 What is the greatest common factor of 16 and z?
16
Let v be (-52)/(-39)*(-6)/(-4). Let m = 16 - v. What is the greatest common divisor of m and 56?
14
Let y(m) = -m**2 - 20*m - 16. Let i be y(-19). What is the highest common factor of i and 6?
3
Suppose 3*u + 2*l = 115, 5*u - 2*l - 200 = -7*l. What is the highest common factor of 14 and u?
7
Let o = -2 + 4. Let t be ((-57)/(-15))/((-3)/(-15)). Suppose -t = -5*u + 51. Calculate the greatest common divisor of o and u.
2
Let k be -3 - (10/15)/((-6)/81). What is the highest common factor of 72 and k?
6
Let a = -8 - -10. Suppose a*s - 73 = 3*z + 20, 2*s = -3*z + 99. Calculate the highest common factor of s and 6.
6
Let y be (3 - (-8)/(-2))*35/(-5). Let g be -2 + (-144)/(1 + -3). What is the highest common divisor of g and y?
7
Let w(z) = 4*z**2 - z**3 - 3 - 3*z + 1 + 0*z**3. Let t be w(4). Let d be ((-12)/7)/(2/t). Calculate the highest common factor of d and 4.
4
Let m = 116 - 81. Let p = -21 + m. Suppose i + 90 = 5*y + 5*i, -4*i - 36 = -4*y. What is the greatest common divisor of p and y?
14
Let a(m) = m**2 + 2*m**2 - 3*m + 4*m - 1. Suppose 5*f + 12 = y, -2 = -5*y - 2*f - 2*f. Let s be a(y). Calculate the highest common divisor of s and 39.
13
Suppose -3*s = 16 - 88. Calculate the greatest common divisor of 240 and s.
24
Suppose 0 = 3*o + 3*v - 23 - 19, -4*v - 16 = -2*o. Calculate the greatest common divisor of o and 30.
6
Let w = -18 - -28. Let o = 80 + -30. Calculate the greatest common factor of o and w.
10
Suppose 45 = 11*s - 65. What is the highest common factor of s and 80?
10
Let h(z) = 6*z**2 - 4*z + 2. Let n be h(2). Let v(x) = 2*x**2 - x + 6. Let u be v(5). Suppose u = k - 39. What is the greatest common factor of k and n?
18
Suppose -j - 5*h + 15 = 0, -3*h = 3*j - 5 + 20. Let r(b) = b**2 + 5*b + 22. Let t be r(j). Calculate the greatest common divisor of 24 and t.
24
Let b(k) = -k**2 - 5*k + 4. Let h be b(-7). Let u be (176/h)/((-3)/15). What is the greatest common divisor of u and 8?
8
Suppose -5*i = 5*b - 430, 98 = b + 3*i + i. Let t = b + -27. Calculate the greatest common divisor of t and 22.
11
Suppose -8 + 48 = 4*m. Suppose 0*x - m = -2*x. What is the greatest common divisor of 35 and x?
5
Suppose -5*t = -4*b - 117, -4*t - 4*b - 11 = -83. What is the greatest common divisor of t and 231?
21
Let f be (-1)/3 - (-62)/6. Suppose 3*m - 5*a + f - 308 = 0, 2*m + a - 177 = 0. Let z = -51 + m. Calculate the highest common divisor of z and 8.
8
Let c = 0 + 1. Let m = c - -3. Suppose 3*f = m*p + 32, 5*f + 0*p = -p + 38. Calculate the highest common divisor of 12 and f.
4
Let j be -5 + (-6)/(-3) - 0. Let q be 14 - 3/(j/(-2)). Calculate the highest common factor of q and 3.
3
Let h(o) = -o**2 + 10*o - 1. Let b be h(5). Calculate the highest common divisor of 30 and b.
6
Let g(k) = 2*k - 11. Let j be g(8). Suppose -j*m - 6 = -8*m. What is the greatest common divisor of 4 and m?
2
Let h = -27 + 28. Calculate the highest common factor of h and 2.
1
Suppose 5*n + 0 = 2*w - 10, -2*w + 10 = 0. Let b = n + 3. Suppose 360 = 5*m - b*x, -2*m + x = -161 + 17. What is the highest common divisor of m and 8?
8
Let q be 5/(20/8) + -4 + 46. Calculate the greatest common divisor of q and 220.
44
Let v be (-5 + -1)/(2/(-3)). Suppose 0 = -3*a + 2 + 1. Calculate the highest common divisor of a and v.
1
Suppose -78 = -0*p + 3*p. Let l = p + 54. Let u be 16 + 4/(-2)*(17 - 16). What is the highest common divisor of u and l?
14
Suppose -4*a = -5*o - 6, 3*a = -0*o + o + 10. Suppose 0 = 4*v - 16, -o*t - 2*v = v - 60. Calculate the greatest common factor of 12 and t.
12
Let x = -54 - -86. Suppose -3*h = 3*k - 18, -5*k + 5*h = -4*k + 24. Let l be 4*3*k/3. Calculate the greatest common factor of x and l.
4
Let o(b) = -6*b + 2. Let z be 3/((-2 - -3) + -2). Let p be o(z). Let n be 15*4/18*12. Calculate the highest common divisor of n and p.
20
Suppose 5*s = 5*q + 75, 0 = 2*q + 2*q - 4. What is the highest common divisor of 64 and s?
16
Suppose -5*t - 2*q + 3*q + 21 = 0, 2*t + q - 7 = 0. Suppose 56 = 3*o + 4*d - 2, 4*o - t*d = 96. What is the highest common divisor of o and 11?
11
Let u(r) = r**2 + r + 13. Let k be u(0). Calculate the greatest common divisor of 13 and k.
13
Suppose -2 + 0 = -n. Let h(v) = 6*v - 3*v**2 + 2*v + 2*v**n - 1. Let r be h(7). What is the highest common factor of 9 and r?
3
Suppose 3*o = -g + 23, 3*g - 20 = -3*o + 73. Let v(r) = -r + 13. Let l be v(6). Calculate the highest common divisor of g and l.
7
Suppose -3*y - 4*x + x = 9, 5*x + 33 = 4*y. Let n = y - 2. Suppose -5*k + 349 + 146 = n. What is the greatest common factor of 11 and k?
11
Let l = -2 - -2. Let x(h) = l + h - 3*h**3 + 4*h**3 + 1. Let o be x(0). What is the greatest common factor of 5 and o?
1
Let i = 4 + 8. What is the greatest common factor of i and 12?
12
Let x(w) = 2*w - 6. Let q be x(4). Let g be (77/(-2))/(q/(-4)). Suppose -4*m + 43 = -g. Calculate the greatest common factor of 12 and m.
6
Let o(s) = -s**2 + s + 4. Let l be o(3). Let r be 6/(l - (-124)/56). What is the greatest common divisor of r and 4?
4
Let p be 442/5 + 5/(50/(-4)). Calculate the highest common divisor of p and 8.
8
Let z(f) = f**3 - 3*f - 2. Let r be z(3). Suppose 45 = g - 19. Calculate the greatest common divisor of r and g.
16
Let o be (16/(-10))/(6/(-75)). What is the greatest common factor of o and 100?
20
Let d be ((-9)/(-18))/((-1)/(-42)). Calculate the greatest common factor of 3 and d.
3
Let u(m) = m**3 + m**2 - m + 3. Let z be u(-3). Let g = z + 18. Let x = -27 + 45. Calculate the greatest common divisor of g and x.
6
Suppose -11*l - 180 = -14*l. Calculate the highest common divisor of l and 24.
12
Let d = -135 + 129. Suppose 2*w = 4*p + 98, p - 2*w + 10 = -22. Let a = d - p. What is the highest common divisor of 4 and a?
4
Let c = -53 + 66. Let y(h) = h**3 + 4*h**2 - 4*h - 3. Let r be y(-4). What is the highest common divisor of c and r?
13
Suppose 5*m + 0*m = 0, 3*k - 144 = -4*m. Suppose 0 = 3*i - 2*h - 42, 0 = -3*i - 0*i + 4*h + k. Calculate the greatest common factor of 3 and i.
3
Let p(o) = o - 2. Let j be p(-2). Let b be 3/((-6)/j) + -6. Let d = b + 6. What is the greatest common divisor of d and 22?
2
Let h(y) = y - 1. Let r(v) = -v + 6. Let l(i) = 3*h(i) + r(i). Let s be l(4). Let q = -3 + s. What is the greatest common divisor of q and 2?
2
Let i be 23 + (2 + 0)*1. Let m = -102 + 152. Calculate the highest common factor of i and m.
25
Let l(d) = -3*d**3 - 4*d**2 + 2*d - 3. Let r = -2 + 2. Let z = r + -4. Let i be l(z). What is the greatest common factor of 13 and i?
13
Let i be (-34)/(-4) + (-3)/6. What is the highest common factor of 12 and i?
4
Suppose 0 = 3*u - 2*u + 3*o - 141, -4*o - 252 = -2*u. Calculate the greatest common divisor of u and 12.
12
Suppose i + 39 = 4*o - 42, -2*o = -i - 39. Let g = -12 + o. What is the greatest common divisor of 3 and g?
3
Let t = -58 + 60. What is the greatest common factor of t and 2?
2
Suppose 4*z - f - 251 = 0, -2*z = 2*z + 2*f - 254. Let j = -107 + 116. Calculate the greatest common factor of j and z.
9
Let b(l) = 5*l - 1. Suppose 3*a + 14 = -2*y, 13 = -y - a - 2*a. Let p be b(y). Let u be (-170)/p - (-2)/(-6). What is the highest common factor of 7 and u?
7
Let d(h) = h**3 + 5*h**2 - 6*h - 3. Let j be d(-6). Let f = -131 + 59. Let y be (2 + j)/(3/f). What is the greatest common divisor of 12 and y?
12
Let s(q) = q**2 + 3*q - 2. Let k be s(-3). Let t(v) = -6*v + 1 - 1 - 3. Let n be t(k). What is the highest common factor of n and 9?
9
Suppose 0 = 3*t - 99 + 6. Let x = t + 5. What is the greatest common divisor of 4 and x?
4
Let y be 0 + 0 + (-2 - -2). Suppose 5*v - 115 = 5*z - y*z, -v = -3*z - 75. Let o = z - -38. What is the highest common factor of 120 and o?
12
Let z(l) = -1 + l + 2*l - 2*l. Let c be z(2). Suppose 13*w - 12*w - 8 = 0. Calculate the greatest common divisor of c and w.
1
Let m be 4/10 - (-156)/10. Let u(n) = -n - 7. Let h be u(-11). Suppose -h*r = -46 - 82. What is the highest common divisor of r and m?
16
Let q(f) = 2*f**2 - 3*f - 2. Let c be q(-3). Calculate the highest common factor of c and 5.
5
Let d = 229 - 109. What is the greatest common divisor of 15 and d?
15
Let p(y) = y**3 + 4*y**2 - 6*y - 2. Let a be p(-5). Suppose -a*m + 33 = -21. Let o be 14/21 - (-4)/3. What